s the tens digit of 705004033?
3
What is the hundred thousands digit of 637234284?
2
What is the tens digit of 1111378188?
8
What is the millions digit of 417860758?
7
What is the millions digit of 1048964816?
8
What is the ten millions digit of 906222817?
0
What is the hundreds digit of 5530303125?
1
What is the units digit of 9627325?
5
What is the hundreds digit of 41724740?
7
What is the hundred millions digit of 1819201621?
8
What is the millions digit of 1997714238?
7
What is the units digit of 270709328?
8
What is the hundreds digit of 91382792?
7
What is the thousands digit of 32716361?
6
What is the hundred thousands digit of 231178483?
1
What is the thousands digit of 45803214?
3
What is the tens digit of 27973805?
0
What is the millions digit of 49720623?
9
What is the ten thousands digit of 85366697?
6
What is the millions digit of 103354876?
3
What is the millions digit of 164623531?
4
What is the billions digit of 1609018677?
1
What is the ten millions digit of 548971875?
4
What is the hundred millions digit of 4044273407?
0
What is the thousands digit of 7113641961?
1
What is the units digit of 524002612?
2
What is the hundred thousands digit of 2647957496?
9
What is the hundreds digit of 186445?
4
What is the hundred millions digit of 1948101746?
9
What is the ten millions digit of 78463509?
7
What is the hundreds digit of 332387183?
1
What is the hundreds digit of 365772785?
7
What is the units digit of 1812997412?
2
What is the thousands digit of 999186081?
6
What is the tens digit of 32369984?
8
What is the thousands digit of 743393653?
3
What is the hundred thousands digit of 9318526?
3
What is the ten millions digit of 54141448?
5
What is the ten thousands digit of 76118683?
1
What is the hundreds digit of 73320871?
8
What is the hundred millions digit of 251116719?
2
What is the units digit of 31200519?
9
What is the hundred thousands digit of 680685455?
6
What is the ten millions digit of 40796825?
4
What is the tens digit of 2364024887?
8
What is the hundred thousands digit of 310991777?
9
What is the hundred thousands digit of 5504046805?
0
What is the hundreds digit of 585947584?
5
What is the ten thousands digit of 193000936?
0
What is the hundreds digit of 248599363?
3
What is the hundred thousands digit of 68988781?
9
What is the ten thousands digit of 308197618?
9
What is the millions digit of 61602107?
1
What is the thousands digit of 1295274727?
4
What is the ten thousands digit of 378622836?
2
What is the tens digit of 63678858?
5
What is the tens digit of 288865014?
1
What is the hundred millions digit of 365802780?
3
What is the hundreds digit of 167482441?
4
What is the tens digit of 30646578?
7
What is the ten thousands digit of 5135959255?
5
What is the ten thousands digit of 1383024929?
2
What is the thousands digit of 282397191?
7
What is the tens digit of 1542599409?
0
What is the hundred thousands digit of 9835989?
8
What is the thousands digit of 78425697?
5
What is the tens digit of 815489597?
9
What is the millions digit of 6555492?
6
What is the hundred thousands digit of 658599364?
5
What is the ten millions digit of 126184427?
2
What is the ten millions digit of 999587838?
9
What is the billions digit of 2160999850?
2
What is the millions digit of 18842951?
8
What is the millions digit of 36537473?
6
What is the hundred millions digit of 1200833206?
2
What is the ten millions digit of 5643200405?
4
What is the ten millions digit of 1275078177?
7
What is the units digit of 256426444?
4
What is the hundred millions digit of 267087423?
2
What is the ten millions digit of 92509097?
9
What is the ten thousands digit of 295306405?
0
What is the ten millions digit of 13718721?
1
What is the ten millions digit of 30812399?
3
What is the ten thousands digit of 1886127426?
2
What is the hundred millions digit of 109908335?
1
What is the ten thousands digit of 217109873?
0
What is the hundred thousands digit of 17808866?
8
What is the tens digit of 1102552788?
8
What is the hundred millions digit of 1457772481?
4
What is the ten millions digit of 1693031542?
9
What is the ten millions digit of 625370771?
2
What is the hundred millions digit of 278766359?
2
What is the units digit of 295258144?
4
What is the hundreds digit of 617770036?
0
What is the tens digit of 21093625?
2
What is the hundreds digit of 281102676?
6
What is the millions digit of 11385786?
1
What is the tens digit of 3708964914?
1
What is the hundred millions digit of 1885924796?
8
What is the ten thousands digit of 55281634?
8
What is the units digit of 529238116?
6
What is the ten thousands digit of 109329133?
2
What is the millions digit of 3716784506?
6
What is the ten millions digit of 163484725?
6
What is the tens digit of 430551206?
0
What is the units digit of 20608299?
9
What is the ten thousands digit of 528939339?
3
What is the ten millions digit of 1312862330?
1
What is the units digit of 368747391?
1
What is the hundred millions digit of 4240822063?
2
What is the units digit of 598413316?
6
What is the hundred thousands digit of 398182827?
1
What is the tens digit of 12498759?
5
What is the millions digit of 224686574?
4
What is the units digit of 28193744?
4
What is the ten thousands digit of 70821568?
2
What is the hundreds digit of 99478426?
4
What is the ten thousands digit of 564379255?
7
What is the hundreds digit of 17624870?
8
What is the hundred thousands digit of 5172075?
1
What is the ten thousands digit of 16530558?
3
What is the hundreds digit of 12515430?
4
What is the ten thousands digit of 664182133?
8
What is the hundred millions digit of 3060843000?
0
What is the hundred thousands digit of 2305293396?
2
What is the units digit of 259873082?
2
What is the billions digit of 3194174251?
3
What is the ten millions digit of 241854252?
4
What is the hundred millions digit of 530890946?
5
What is the ten thousands digit of 1907106271?
0
What is the hundreds digit of 33731802?
8
What is the hundred thousands digit of 258163?
2
What is the millions digit of 946549235?
6
What is the millions digit of 158833834?
8
What is the ten thousands digit of 149433791?
3
What is the ten thousands digit of 1078492872?
9
What is the hundred millions digit of 1175536442?
1
What is the millions digit of 59521490?
9
What is the hundreds digit of 956114685?
6
What is the units digit of 6238871?
1
What is the tens digit of 47073432?
3
What is the hundred thousands digit of 27105894?
1
What is the hundred thousands digit of 49635324?
6
What is the ten millions digit of 64865359?
6
What is the tens digit of 6827897?
9
What is the units digit of 7621401099?
9
What is the units digit of 262531205?
5
What is the ten millions digit of 209303329?
0
What is the ten thousands digit of 62573538?
7
What is the millions digit of 1483845483?
3
What is the ten thousands digit of 638488851?
8
What is the hundred millions digit of 177697963?
1
What is the hundred millions digit of 740555218?
7
What is the thousands digit of 300111414?
1
What is the hundred millions digit of 232164782?
2
What is the hundred thousands digit of 123968132?
9
What is the ten millions digit of 56533403?
5
What is the hundreds digit of 1537778239?
2
What is the units digit of 520014537?
7
What is the hundred thousands digit of 1895481534?
4
What is the hundred thousands digit of 745541282?
5
What is the ten millions digit of 84737874?
8
What is the ten millions digit of 3655630434?
5
What is the hundred thousands digit of 1451380?
4
What is the hundred thousands digit of 1047049323?
0
What is the hundred millions digit of 148046366?
1
What is the thousands digit of 194590464?
0
What is the units digit of 530212863?
3
What is the ten thousands digit of 19801473?
0
What is the millions digit of 10118172?
0
What is the tens digit of 38355792?
9
What is the tens digit of 515438088?
8
What is the tens digit of 1728671910?
1
What is the units digit of 131738533?
3
What is the hundreds digit of 120250465?
4
What is the hundred millions digit of 1044470817?
0
What is the ten millions digit of 1871442614?
7
What is the thousands digit of 310542871?
2
What is the ten millions digit of 3412972098?
1
What is the hundred thousands digit of 246635093?
6
What is the billions digit of 25